) to base 16.
6b
-21 (base 3) to base 4
-13
Convert -7 (base 8) to base 10.
-7
c (base 13) to base 9
13
59 (base 13) to base 2
1001010
What is -20 (base 13) in base 5?
-101
What is -433 (base 6) in base 3?
-20010
413 (base 6) to base 4
2121
What is -5 (base 10) in base 13?
-5
-24 (base 5) to base 13
-11
Convert 12 (base 8) to base 11.
a
-7 (base 12) to base 14
-7
12 (base 8) to base 2
1010
-a7 (base 12) to base 2
-1111111
What is a (base 15) in base 7?
13
Convert 33 (base 15) to base 4.
300
What is 22 (base 3) in base 2?
1000
Convert -37 (base 8) to base 7.
-43
0 (base 15) to base 12
0
Convert 64 (base 10) to base 8.
100
-3 (base 9) to base 2
-11
Convert 400 (base 5) to base 12.
84
Convert 146 (base 11) to base 14.
c3
What is 7d (base 16) in base 7?
236
Convert 48 (base 16) to base 12.
60
-3 (base 4) to base 11
-3
What is 2 (base 12) in base 15?
2
5 (base 10) to base 8
5
Convert 63 (base 11) to base 12.
59
What is b6 (base 16) in base 12?
132
What is -7 (base 9) in base 5?
-12
Convert -40 (base 10) to base 16.
-28
-210 (base 6) to base 3
-2220
-64 (base 9) to base 10
-58
-14 (base 12) to base 16
-10
Convert -1033 (base 6) to base 10.
-237
-174 (base 16) to base 15
-19c
What is -16a (base 11) in base 8?
-305
Convert -68 (base 10) to base 3.
-2112
4 (base 8) to base 11
4
-2 (base 12) to base 9
-2
What is -53 (base 7) in base 5?
-123
Convert 48 (base 10) to base 9.
53
Convert -21101 (base 3) to base 9.
-241
What is 3 (base 7) in base 5?
3
What is -22 (base 8) in base 15?
-13
Convert 2130 (base 5) to base 9.
352
What is 9 (base 12) in base 14?
9
Convert 2d (base 16) to base 10.
45
What is 24 (base 6) in base 9?
17
What is 422 (base 8) in base 15?
134
Convert 4e (base 15) to base 13.
59
-3 (base 11) to base 4
-3
What is -2 (base 9) in base 10?
-2
Convert 9 (base 13) to base 7.
12
Convert -3 (base 15) to base 5.
-3
Convert -4 (base 8) to base 2.
-100
Convert b (base 13) to base 4.
23
0 (base 13) to base 14
0
What is -4 (base 10) in base 13?
-4
-27 (base 15) to base 2
-100101
Convert b (base 12) to base 10.
11
Convert -4 (base 12) to base 11.
-4
Convert -5 (base 14) to base 15.
-5
Convert 1012 (base 3) to base 13.
26
2 (base 9) to base 4
2
Convert c4 (base 16) to base 2.
11000100
-26 (base 7) to base 9
-22
What is 0 (base 5) in base 8?
0
What is 0 (base 6) in base 4?
0
6 (base 10) to base 11
6
Convert -1 (base 15) to base 4.
-1
What is 9 (base 15) in base 11?
9
5 (base 11) to base 5
10
7 (base 15) to base 4
13
What is -2 (base 10) in base 5?
-2
Convert -13 (base 4) to base 8.
-7
What is 13 (base 10) in base 12?
11
What is 4 (base 15) in base 2?
100
1002 (base 4) to base 3
2110
-306 (base 10) to base 6
-1230
Convert -3 (base 9) to base 6.
-3
What is -26 (base 15) in base 12?
-30
4 (base 9) to base 13
4
-71 (base 14) to base 13
-78
1 (base 9) to base 5
1
103 (base 4) to base 6
31
What is a (base 16) in base 6?
14
81 (base 9) to base 8
111
What is 0 (base 2) in base 10?
0
Convert 3 (base 6) to base 5.
3
Convert -5 (base 11) to base 4.
-11
Convert -2 (base 6) to base 4.
-2
Convert 110 (base 2) to base 5.
11
What is 1322 (base 4) in base 15?
82
8 (base 13) to base 15
8
-9 (base 11) to base 7
-12
-1 (base 5) to base 8
-1
What is b0 (base 14) in base 13?
bb
What is 0 (base 7) in base 11?
0
Convert 21 (base 6) to base 16.
d
Convert -84 (base 16) to base 13.
-a2
What is b (base 13) in base 5?
21
What is 1 (base 4) in base 8?
1
What is 5 (base 15) in base 7?
5
What is -113 (base 15) in base 16?
-f3
What is 100111010 (base 2) in base 5?
2224
Convert -27 (base 16) to base 4.
-213
-6 (base 12) to base 6
-10
90 (base 16) to base 15
99
30 (base 11) to base 10
33
1 (base 3) to base 11
1
What is 2 (base 11) in base 5?
2
2c (base 14) to base 6
104
What is -12c (base 16) in base 7?
-606
What is -11 (base 2) in base 12?
-3
What is 4 (base 14) in base 8?
4
-6 (base 15) to base 7
-6
-8 (base 10) to base 16
-8
What is -12 (base 14) in base 11?
-15
What is -49 (base 12) in base 15?
-3c
Convert -1 (base 10) to base 3.
-1
What is -22 (base 15) in base 8?
-40
Convert -210 (base 4) to base 15.
-26
Convert 24 (base 16) to base 6.
100
12 (base 12) to base 10
14
What is -23 (base 10) in base 3?
-212
What is 10010000 (base 2) in base 11?
121
2 (base 10) to base 11
2
7 (base 8) to base 7
10
-164 (base 8) to base 10
-116
Convert 10011 (base 2) to base 14.
15
0 (base 7) to base 10
0
Convert -2e (base 16) to base 9.
-51
What is -137 (base 16) in base 5?
-2221
3 (base 7) to base 4
3
Convert -1111 (base 2) to base 16.
-f
What is 1 (base 4) in base 8?
1
What is 24 (base 8) in base 5?
40
-2 (base 11) to base 2
-10
9 (base 15) to base 11
9
4a (base 13) to base 11
57
Convert 10 (base 6) to base 2.
110
5 (base 8) to base 6
5
-68 (base 9) to base 12
-52
Convert -2 (base 16) to base 5.
-2
Convert -3 (base 14) to base 7.
-3
What is 6 (base 14) in base 6?
10
What is 117 (base 8) in base 12?
67
-4 (base 8) to base 10
-4
What is 12 (base 8) in base 2?
1010
Convert 24 (base 13) to base 11.
28
Convert 0 (base 10) to base 7.
0
What is -1122 (base 3) in base 16?
-2c
Convert 8 (base 15) to base 6.
12
What is -46 (base 14) in base 3?
-2022
Convert -7 (base 15) to base 3.
-21
Convert -ba (base 14) to base 6.
-432
Convert 1 (base 13) to base 6.
1
-477 (base 8) to base 16
-13f
6 (base 15) to base 14
6
What is -1 (base 5) in base 10?
-1
Convert -5 (base 7) to base 12.
-5
Convert 13 (base 10) to base 16.
d
What is -3 (base 16) in base 3?
-10
What is 24 (base 12) in base 2?
11100
Convert -2 (base 9) to base 5.
-2
What is 3132 (base 4) in base 11?
192
What is 301 (base 4) in base 2?
110001
Convert 10 (base 3) to base 10.
3
-2212 (base 3) to base 11
-70
Convert -51 (base 11) to base 2.
-111000
4 (base 13) to base 9
4
What is 1 (base 4) in base 12?
1
What is 1 (base 11) in base 7?
1
Convert 24 (base 12) to base 9.
31
Convert 2b (base 12) to base 7.
50
Convert 2 (base 15) to base 16.
2
What is 3 (base 7) in base 15?
3
Convert -2b (base 14) to base 11.
-36
Convert 5 (base 10) to base 16.
5
22 (base 9) to base 13
17
Convert -206 (base 8) to base 4.
-2012
Convert -61 (base 10) to base 13.
-49
What is 7 (base 9) in base 3?
21
What is -3 (base 9) in base 14?
-3
What is 11 (base 2) in base 3?
10
What is -13 (base 8) in base 15?
-b
What is -44 (base 14) in base 10?
-60
What is -1 (base 7) in base 9?
-1
What is 1a (base 12) in base 5?
42
What is -3 (base 10) in base 9?
-3
Convert 7 (base 13) to base 10.
7
3 (base 15) to base 10
3
Convert 0 (base 10) to base 13.
0
Convert 0 (base 10) to base 5.
0
12 (base 15) to base 2
10001
What is -24 (base 13) in base 4?
-132
4 (base 6) to base 2
100
Convert 7 (base 16) to base 13.
7
-3 (base 5) to base 11
-3
What is 13 (base 5) in base 7?
11
Convert 8 (base 13) to base 14.
8
Convert -41 (base 6) to base 7.
-34
-11 (base 5) to base 7
-6
1 (base 4) to base 14
1
Convert -1001 (base 2) to base 16.
-9
Convert 20 (base 4) to base 6.
12
Convert -16 (base 11) to base 16.
-11
Convert 334 (base 6) to base 13.
a0
Convert 1201 (base 3) to base 11.
42
-c (base 14) to base 7
-15
8 (base 13) to base 11
8
Convert 0 (base 7) to base 3.
0
1 (base 9) to base 5
1
0 (base 7) to base 16
0
What is -131 (base 8) in base 11?
-81
What is -1010011 (base 2) in base 9?
-102
-11 (base 4) to base 13
-5
4 (base 11) to base 13
4
-103 (base 7) to base 16
-34
Convert -100101 (base 2) to base 3.
-1101
Convert 7b (base 14) to base 16.
6d
10 (base 10) to base 5
20
What is -2 (base 7) in base 15?
-2
Convert -3 (base 7) to base 14.
-3
Convert 10 (base 12) to base 15.
c
-120210 (base 3) to base 15
-1d6
28 (base 11) to base 13
24
Convert -5 (base 16) to base 8.
-5
What is 36 (base 15) in base 10?
51
Convert 56 (base 9) to base 4.
303
6 (base 16) to base 7
6
10012 (base 3) to base 4
1112
Convert -3 (base 8) to base 12.
-3
Convert 10100 (base 2) to base 14.
16
1b (base 14) to base 16
19
Convert -1 (base 10) to base 4.
-1
-1 (base 5) to base 9
-1
What is -88 (base 11) in base 4?
-1200
19 (base 16) to base 6
41
What is 1111 (base 2) in base 14?
11
Convert -15 (base 11) to base 9.
-17
-4 (base 10) to base 14
-4
Convert 2 (base 10) to base 3.
2
Convert 11 (base 4) to base 5.
10
11 (base 3) to base 4
10
3 (base 12) to base 15
3
What is -91 (base 13) in base 15?
-7d
Convert 26 (base 15) to base 8.
44
Convert 66 (base 10) to base 